6
What is the highest common divisor of 1456 and 39?
13
What is the highest common factor of 217 and 93?
31
What is the greatest common factor of 56 and 798?
14
What is the highest common divisor of 3904 and 96?
32
What is the greatest common factor of 15 and 12?
3
What is the greatest common divisor of 1464 and 3843?
183
What is the greatest common factor of 42 and 30?
6
Calculate the greatest common divisor of 119 and 1292.
17
What is the greatest common divisor of 801 and 267?
267
Calculate the highest common factor of 161 and 1541.
23
What is the highest common divisor of 272 and 104?
8
Calculate the highest common factor of 36 and 1251.
9
What is the greatest common divisor of 323 and 38?
19
What is the greatest common factor of 532 and 28?
28
What is the greatest common divisor of 7 and 1229?
1
Calculate the greatest common factor of 117 and 54.
9
What is the highest common factor of 11 and 264?
11
What is the greatest common factor of 21 and 21?
21
Calculate the highest common factor of 1886 and 414.
46
What is the highest common divisor of 77 and 121?
11
Calculate the highest common divisor of 4 and 12870.
2
What is the greatest common divisor of 54 and 69?
3
What is the highest common divisor of 24 and 312?
24
Calculate the greatest common divisor of 1066 and 26.
26
What is the greatest common divisor of 6956 and 1332?
148
What is the highest common divisor of 18 and 2187?
9
What is the highest common divisor of 18474 and 12?
6
What is the greatest common divisor of 34 and 1241?
17
Calculate the greatest common factor of 20 and 3452.
4
Calculate the highest common divisor of 51 and 391.
17
What is the greatest common factor of 28 and 182?
14
What is the greatest common divisor of 1904 and 48?
16
What is the highest common factor of 8046 and 54?
54
Calculate the greatest common divisor of 246 and 3321.
123
What is the highest common factor of 100 and 70?
10
What is the greatest common divisor of 48 and 3408?
48
Calculate the highest common divisor of 1420 and 20.
20
What is the highest common divisor of 444 and 1443?
111
Calculate the greatest common divisor of 279 and 72.
9
Calculate the highest common factor of 22 and 6072.
22
What is the highest common divisor of 21 and 24?
3
What is the greatest common divisor of 256 and 24?
8
What is the greatest common factor of 1 and 1207?
1
What is the highest common factor of 328 and 504?
8
Calculate the highest common factor of 68 and 68.
68
What is the highest common factor of 399 and 684?
57
Calculate the highest common divisor of 11505 and 390.
195
What is the greatest common factor of 17038 and 14?
14
Calculate the highest common factor of 171 and 456.
57
Calculate the highest common divisor of 25 and 1475.
25
Calculate the greatest common divisor of 630 and 40.
10
What is the greatest common divisor of 504 and 105?
21
Calculate the highest common factor of 32 and 256.
32
What is the highest common factor of 261 and 9?
9
What is the highest common divisor of 7 and 875?
7
What is the highest common divisor of 6075 and 25?
25
What is the highest common factor of 105 and 15050?
35
Calculate the highest common divisor of 1 and 47.
1
Calculate the greatest common factor of 17 and 187.
17
Calculate the highest common divisor of 760 and 1615.
95
Calculate the greatest common divisor of 175 and 35.
35
Calculate the highest common factor of 26 and 1014.
26
Calculate the greatest common divisor of 255 and 150.
15
Calculate the highest common divisor of 161 and 49.
7
What is the highest common factor of 432 and 3312?
144
Calculate the greatest common factor of 103 and 2369.
103
Calculate the highest common divisor of 1971 and 146.
73
Calculate the greatest common factor of 8 and 365.
1
What is the greatest common divisor of 627 and 33?
33
What is the greatest common factor of 341 and 155?
31
What is the highest common factor of 3 and 375?
3
What is the greatest common factor of 34 and 425?
17
What is the highest common factor of 1333 and 129?
43
What is the highest common factor of 221 and 34?
17
Calculate the greatest common divisor of 1742 and 377.
13
Calculate the highest common divisor of 2185 and 190.
95
Calculate the greatest common factor of 14 and 4718.
14
What is the highest common factor of 430 and 10?
10
What is the greatest common factor of 7263 and 54?
27
What is the greatest common factor of 68 and 748?
68
Calculate the highest common factor of 4279 and 11.
11
Calculate the greatest common divisor of 15799 and 148.
37
Calculate the greatest common divisor of 250 and 400.
50
Calculate the highest common divisor of 384 and 120.
24
Calculate the highest common factor of 42 and 528.
6
Calculate the greatest common divisor of 7760 and 8245.
485
Calculate the greatest common divisor of 10 and 24.
2
Calculate the highest common divisor of 141 and 94.
47
What is the greatest common divisor of 87 and 6?
3
Calculate the highest common divisor of 168 and 5352.
24
Calculate the highest common factor of 12 and 4668.
12
What is the highest common factor of 889 and 35?
7
What is the greatest common factor of 58 and 667?
29
What is the highest common factor of 5796 and 56?
28
Calculate the greatest common divisor of 123 and 697.
41
What is the highest common divisor of 7 and 2226?
7
Calculate the highest common factor of 110 and 8745.
55
Calculate the highest common divisor of 4900 and 105.
35
What is the highest common factor of 40713 and 41?
41
Calculate the greatest common divisor of 220 and 9790.
110
Calculate the highest common factor of 1056 and 12.
12
Calculate the highest common factor of 4 and 28.
4
What is the greatest common divisor of 276 and 1236?
12
Calculate the greatest common divisor of 297 and 22.
11
Calculate the greatest common divisor of 2 and 1154.
2
Calculate the greatest common divisor of 95 and 45.
5
Calculate the greatest common divisor of 66 and 42.
6
What is the highest common factor of 2216 and 80?
8
Calculate the greatest common divisor of 14 and 224.
14
What is the greatest common divisor of 3213 and 102?
51
What is the greatest common factor of 23864 and 190?
38
What is the greatest common factor of 8 and 43?
1
Calculate the highest common factor of 120 and 54.
6
What is the highest common factor of 580 and 20?
20
Calculate the highest common divisor of 143 and 533.
13
What is the highest common factor of 20 and 1240?
20
Calculate the greatest common divisor of 286 and 88.
22
Calculate the greatest common divisor of 143 and 17875.
143
Calculate the highest common factor of 12 and 1884.
12
Calculate the highest common factor of 48 and 2712.
24
Calculate the highest common factor of 539 and 77.
77
Calculate the highest common factor of 297 and 66.
33
Calculate the greatest common factor of 32 and 200.
8
What is the highest common factor of 256 and 80?
16
What is the greatest common factor of 6650 and 2128?
266
What is the greatest common divisor of 140 and 28?
28
Calculate the highest common factor of 1678 and 4.
2
What is the greatest common factor of 602 and 53277?
301
Calculate the greatest common divisor of 1090 and 10.
10
Calculate the highest common factor of 98 and 15435.
49
Calculate the highest common divisor of 54 and 30.
6
What is the highest common divisor of 1160 and 320?
40
Calculate the highest common factor of 24 and 54.
6
What is the greatest common divisor of 119 and 14?
7
What is the highest common factor of 2180 and 30?
10
What is the greatest common divisor of 616 and 88?
88
Calculate the highest common divisor of 14308 and 292.
292
What is the greatest common factor of 5 and 15?
5
Calculate the highest common divisor of 294 and 28.
14
What is the highest common divisor of 380 and 3876?
76
Calculate the greatest common factor of 927 and 3.
3
Calculate the highest common factor of 36 and 3204.
36
Calculate the greatest common divisor of 1463 and 76.
19
Calculate the greatest common factor of 80883 and 387.
387
Calculate the highest common divisor of 94 and 30174.
94
Calculate the greatest common divisor of 7 and 5.
1
What is the highest common divisor of 68 and 2414?
34
Calculate the highest common factor of 192 and 80.
16
Calculate the greatest common divisor of 10812 and 1484.
212
Calculate the greatest common factor of 24 and 72.
24
What is the